hat is b(22)?
188
Let m(x) = 21*x**2 + 6021*x - 44959. What is m(-294)?
23
Let d(o) = -7*o**2 - 3664*o - 1627. Give d(-523).
-58
Let u(d) = 1737*d**2 - 401*d + 777. Give u(2).
6923
Let b(t) = -29*t**3 + 3973*t**2 + 4*t - 585. Give b(137).
-37
Let q(i) = -i**3 + 54*i**2 + 727*i - 51335. Determine q(44).
13
Let q(g) = -12515*g - 49939. Determine q(-4).
121
Let k(j) = -2*j**2 - 12*j + 1. Give k(-5).
11
Let x(w) = 8*w**2 + 2498*w - 47486. Determine x(18).
70
Let w(o) = -o**2 + 1478*o + 101781. What is w(-66)?
-123
Let z(u) = 11*u**3 + 403*u**2 - 146*u + 101. Determine z(-37).
27
Let h(d) = 25*d**2 + 3048*d - 217. Determine h(-122).
27
Let q(d) = d**2 - 788*d + 30646. Calculate q(41).
19
Let r(n) = n**2 - 9139*n - 330297. Determine r(-36).
3
Let d(l) = 3266*l + 15516. Give d(-5).
-814
Let g(z) = -4*z**3 - 1399*z**2 - 40392*z - 1914. Calculate g(-318).
-6
Let s(i) = i**2 - 97506*i - 45458085. Determine s(-464).
-5
Let u(h) = 2*h**3 - 1216*h**2 + 1873*h - 400046. What is u(607)?
-33
Let m(g) = g**2 + 1190*g + 12868. What is m(-11)?
-101
Let o(z) = -11*z**3 - 171*z**2 - 132*z + 26. What is o(-15)?
656
Let m(w) = -w**3 + 32*w**2 - 270*w + 222. What is m(16)?
-2
Let j(x) = 52*x + 1387. Give j(-20).
347
Let a(z) = -24154*z + 458873. Determine a(19).
-53
Let t(y) = -596*y - 269385. What is t(-452)?
7
Let r(c) = -620*c + 1271. Calculate r(2).
31
Let w(o) = 104*o**2 + 7279*o + 84. Determine w(-70).
154
Let p(x) = -6*x**3 + 66*x**2 + 31*x - 126. Determine p(11).
215
Let c(z) = 4291*z - 21452. Determine c(5).
3
Let z(d) = -5*d**2 - 444*d + 1000. Give z(-91).
-1
Let r(h) = 9695*h - 1027655. Determine r(106).
15
Let z(u) = -u**3 - 76*u**2 - 869*u - 34. Determine z(-62).
28
Let z(o) = -3*o**2 + 7778*o + 15563. Determine z(-2).
-5
Let c(s) = -3*s**2 + 108*s + 2816. What is c(56)?
-544
Let k(c) = c**3 - 183*c**2 - 2124*c - 1993. Determine k(194).
-53
Let v(r) = -2*r**2 + 328*r - 11119. Calculate v(116).
17
Let c(b) = 18*b**2 + 231*b - 5920. Give c(13).
125
Let b(j) = 119*j**2 + 601*j + 613. What is b(-1)?
131
Let d(y) = 6*y**3 - 39*y**2 + 451*y - 1583. Give d(4).
-19
Let g(o) = -o**2 - 501*o + 22204. Determine g(40).
564
Let f(j) = -3553*j + 440570. What is f(124)?
-2
Let n(a) = 83*a**2 - 41268*a + 8330. What is n(497)?
-119
Let u(a) = 177302*a + 531862. Calculate u(-3).
-44
Let y(s) = -10*s**2 + 1431*s + 2779. Calculate y(-2).
-123
Let z(k) = 11930*k + 47003. Determine z(-4).
-717
Let c(n) = 86*n - 7566. What is c(89)?
88
Let t(r) = 2*r**3 - 10*r**2 - 102*r - 29. Give t(-6).
-209
Let p(g) = -8*g**2 - 2762*g - 3804. Determine p(-344).
-364
Let d(j) = 14262*j - 256725. Give d(18).
-9
Let t(o) = 17492*o - 752150. Give t(43).
6
Let g(q) = 246*q + 41831. What is g(-170)?
11
Let k(u) = u**3 + 690*u**2 + 25399*u + 400. What is k(-39)?
10
Let j(v) = -3*v**3 - 81*v**2 - 603*v - 19264. Calculate j(-28).
-28
Let r(q) = -q**3 - 4*q**2 - 50*q + 350. What is r(6)?
-310
Let k(h) = 5060*h + 622389. Give k(-123).
9
Let w(i) = 579*i + 46317. What is w(-80)?
-3
Let l(u) = u**3 + 356*u**2 + 1836*u + 150654. Give l(-352).
-2
Let t(v) = 2*v**2 - 82*v - 1854. Determine t(74).
3030
Let s(n) = -2*n**3 + n**2 + 1187*n - 10512. Calculate s(11).
4
Let r(v) = -v**3 + 67*v**2 - 598*v - 206. What is r(56)?
802
Let h(g) = 357*g**2 - 235*g + 239. Calculate h(1).
361
Let i(x) = x**3 + 26*x**2 + 4*x - 1648. Calculate i(-23).
-153
Let x(b) = -105*b**2 - 21947*b - 425. Give x(-209).
-7
Let q(x) = 26*x**3 + 155*x**2 - x - 29. Determine q(-6).
-59
Let o(s) = -42780*s + 6031985. Give o(141).
5
Let d(o) = 8*o**2 + 219*o + 981. Calculate d(-4).
233
Let i(j) = 6047*j**2 - 78619*j - 3. Calculate i(13).
-107
Let v(t) = -1977*t - 100511. Calculate v(-50).
-1661
Let k(p) = -1028*p + 21736. Determine k(21).
148
Let b(c) = -28*c**2 + 542*c - 2249. Determine b(7).
173
Let l(b) = -200673*b - 1605372. Calculate l(-8).
12
Let g(m) = -6*m**3 + 1029*m**2 - 515*m - 90. What is g(171)?
-432
Let f(g) = -g**3 + 70*g**2 - 231*g - 1536. Calculate f(65).
4574
Let j(v) = -16124*v + 48646. Calculate j(3).
274
Let a(z) = -27605*z + 3395498. What is a(123)?
83
Let i(k) = 1106*k - 66346. Give i(60).
14
Let z(r) = 4822*r + 414568. Calculate z(-86).
-124
Let d(t) = -t**3 - 150*t**2 - 3596*t + 168. What is d(-120)?
-312
Let f(b) = -b**3 - 3*b**2 + 212*b - 89. Calculate f(-17).
353
Let m(t) = 1739*t + 7003. Calculate m(-4).
47
Let i(y) = 18*y - 419. Calculate i(0).
-419
Let u(a) = -a**3 - 4*a**2 + 80*a + 423. Calculate u(-7).
10
Let z(s) = 3363*s - 3167923. Determine z(942).
23
Let j(v) = 3*v + 913. Determine j(28).
997
Let p(n) = -5164*n + 790325. Calculate p(153).
233
Let c(g) = g**3 - 4*g**2 - 18936*g + 94669. Calculate c(5).
14
Let j(o) = -59*o**3 - 106*o**2 + 303*o + 8. What is j(3)?
-1630
Let z(a) = 18541*a - 18331. Calculate z(1).
210
Let l(w) = 39103*w - 117310. Determine l(3).
-1
Let h(w) = w**3 + 195*w**2 - 231*w + 32087. What is h(-197)?
-24
Let a(u) = 1591*u + 22207. Determine a(-14).
-67
Let r(l) = -54*l**2 + 471*l + 11. Determine r(9).
-124
Let a(i) = -i**3 + 8*i**2 + 9*i - 220. Calculate a(10).
-330
Let t(q) = q**2 - 1923*q + 131415. Give t(71).
-77
Let g(b) = b**3 + 1108*b**2 + 3244*b - 78482. Give g(-1105).
-27
Let v(a) = 26*a**3 - 340*a**2 - 18*a + 434. What is v(13)?
-138
Let z(x) = -x**2 - 35*x + 618. Determine z(-44).
222
Let w(b) = 4*b**3 + 1030*b**2 - 541*b - 6444. Determine w(-258).
6
Let n(v) = -7*v**3 + 171*v**2 + 468*v - 185. Calculate n(-3).
139
Let j(z) = -7*z**2 + 492*z + 4577. Calculate j(-9).
-418
Let w(b) = -4745*b + 47460. What is w(10)?
10
Let a(q) = -9*q**2 - 15989*q - 67. Give a(0).
-67
Let k(t) = -t**3 - 169*t**2 - 1759*t - 3528. Calculate k(-158).
-210
Let c(a) = -a**3 - 84*a**2 - 481*a - 40. Give c(-78).
974
Let g(a) = -3*a**2 - 361*a + 3801. Determine g(11).
-533
Let f(g) = 11*g**2 - 188*g - 1460. Give f(-8).
748
Let r(d) = 163*d + 1815. Calculate r(-26).
-2423
Let r(o) = o**3 - 112*o**2 + 421*o + 65. Calculate r(4).
21
Let n(d) = 2*d**3 - 13*d**2 - 18*d + 87. What is n(2)?
15
Let u(p) = 1032*p**2 + 14165*p - 3969. Give u(-14).
-7
Let o(a) = 7632*a - 83971. What is o(11)?
-19
Let g(j) = -j**3 - 16*j**2 + 117*j - 350. Give g(-22).
-20
Let o(x) = -1854*x - 22295. Determine o(-12).
-47
Let p(s) = -53*s**2 - 1521*s - 1818. Determine p(-28).
-782
Let o(b) = -2487*b + 383384. Determine o(154).
386
Let i(f) = -632*f**3 - 10770*f**2 - 448*f - 106. Give i(-17).
-4
Let t(p) = -4*p**3 + 539*p**2 - 408*p + 800. Calculate t(134).
-4
Let u(z) = -9*z**2 - 535*z - 2135. Determine u(-53).
939
Let t(y) = 2*y**2 - 80*y - 563. Calculate t(-6).
-11
Let p(q) = -373*q - 27198. What is p(-70)?
-1088
Let s(d) = -3*d**3 - 44*d**2 + 346*d + 4526. What is s(-16)?
14
Let a(j) = -501*j + 6998. Determine a(12).
986
Let w(k) = k**3 - 28*k**2 + 89*k - 110. Determine w(0).
-110
Let m(s) = 1493*s - 80707. Calculate m(54).
-85
Let u(q) = 85*q**2 + 1448*q + 5228. Give u(-11).
-415
Let v(q) = -1526*q - 157216. Determine v(-103).
-38
Let w(g) = -63*g - 1781. Determine w(-17).
-710
Let w(m) = -223*m + 88165. Give w(396).
-143
Let f(c) = -827*c - 16635. Give f(-20).
-95
Let f(o) = 5835*o + 28650. Calculate f(-5).
-525
Let h(n) = n**2 - 399*n + 1208. What is h(3)?
20
Let c(d) = -1211*d**2 + 130787*d + 95. Calculate c(108).
-13
Let y(h) = -8*h**3 - 8*h**2 + 51*h - 142. Calculate y(4).
-578
Let h(b) = 147*b + 362. Give h(1).
509
Let y(x) = -479*x + 47954. What is y(101)?
-425
Let h(z) = z**2 + 739*z - 87648. Calculate h(104).
24
Let r(n) = -21*n**3 - 45*n**2 + 215*n + 420. Determine r(-2).
-22
Let y(f) = -1939*f - 884195. What is y(-456)?
-11
Let w(r) = -297*r - 6645. Give w(-22).
-111
Let x(p) = -4678*p - 28926. Calculate x(-6).
-858
Let u(k) = 2*k**3 + 16*k**2 - 2*k - 67. Determine u(-11).
-771
Let d(q) = -45196*q + 45202. Determine d(1).
6
Let j(w) = -36*w**3 - 2160*w**2 - 94*w - 5611. Determine j(-60).
29
Let l(k) = -29638*k - 326022. What is l(-11)?
-4
Let i(m) = 35*m**2 - 4099*m + 56956. What is i(101)?
-8
Let o(i) = -1516*i - 10629. Calculate o(-7).
-17
Let d(o) = 48*o**2 + 730*o + 2508. Give d(-7).
-250
Let g(z) = -39019*z + 390180. Determine g(10).
-10
Let s(f) = 180*f + 54814. What is s(-305)?
-86
Let t(w) = 10976*w - 76843. Give t(7).
-11
Let h(s) = -7*s**2 - 273*s + 1103. Calculate h(4).
-101
Let t(l) = -3*l**2 - 734*l